 the remainder when 62 is divided by 1?
0
What is the remainder when 64 is divided by 35?
29
Calculate the remainder when 12 is divided by 10.
2
What is the remainder when 398 is divided by 50?
48
Calculate the remainder when 11953 is divided by 86.
85
What is the remainder when 967 is divided by 66?
43
What is the remainder when 91 is divided by 23?
22
What is the remainder when 818 is divided by 26?
12
Calculate the remainder when 6367 is divided by 182.
179
Calculate the remainder when 736 is divided by 20.
16
What is the remainder when 923 is divided by 48?
11
What is the remainder when 260 is divided by 33?
29
Calculate the remainder when 1313 is divided by 24.
17
Calculate the remainder when 168 is divided by 26.
12
What is the remainder when 589 is divided by 63?
22
Calculate the remainder when 1509 is divided by 58.
1
What is the remainder when 85 is divided by 22?
19
Calculate the remainder when 160 is divided by 15.
10
Calculate the remainder when 106 is divided by 5.
1
Calculate the remainder when 1454 is divided by 407.
233
Calculate the remainder when 11967 is divided by 45.
42
What is the remainder when 54337 is divided by 19?
16
Calculate the remainder when 72 is divided by 64.
8
Calculate the remainder when 269 is divided by 27.
26
What is the remainder when 436 is divided by 118?
82
Calculate the remainder when 450 is divided by 65.
60
What is the remainder when 2126 is divided by 48?
14
Calculate the remainder when 1185 is divided by 54.
51
Calculate the remainder when 16 is divided by 10.
6
Calculate the remainder when 749 is divided by 187.
1
What is the remainder when 416 is divided by 370?
46
What is the remainder when 950 is divided by 53?
49
What is the remainder when 358 is divided by 53?
40
What is the remainder when 309 is divided by 92?
33
What is the remainder when 335 is divided by 44?
27
Calculate the remainder when 419 is divided by 42.
41
What is the remainder when 35 is divided by 18?
17
What is the remainder when 46 is divided by 45?
1
What is the remainder when 905 is divided by 173?
40
Calculate the remainder when 1622 is divided by 203.
201
Calculate the remainder when 108 is divided by 29.
21
Calculate the remainder when 2085 is divided by 174.
171
Calculate the remainder when 119 is divided by 3.
2
Calculate the remainder when 15 is divided by 3.
0
What is the remainder when 13891 is divided by 11?
9
Calculate the remainder when 510 is divided by 27.
24
What is the remainder when 605 is divided by 122?
117
What is the remainder when 98 is divided by 27?
17
What is the remainder when 157 is divided by 49?
10
Calculate the remainder when 135 is divided by 66.
3
Calculate the remainder when 6966 is divided by 28.
22
What is the remainder when 151 is divided by 38?
37
What is the remainder when 7341 is divided by 16?
13
What is the remainder when 156 is divided by 129?
27
Calculate the remainder when 203 is divided by 53.
44
What is the remainder when 397 is divided by 186?
25
Calculate the remainder when 356 is divided by 45.
41
What is the remainder when 134 is divided by 65?
4
What is the remainder when 467 is divided by 251?
216
Calculate the remainder when 206 is divided by 107.
99
What is the remainder when 644 is divided by 93?
86
Calculate the remainder when 568 is divided by 19.
17
Calculate the remainder when 684 is divided by 30.
24
What is the remainder when 277 is divided by 63?
25
Calculate the remainder when 125 is divided by 42.
41
What is the remainder when 226 is divided by 43?
11
What is the remainder when 21 is divided by 1?
0
Calculate the remainder when 229 is divided by 46.
45
What is the remainder when 1599 is divided by 89?
86
Calculate the remainder when 272 is divided by 22.
8
Calculate the remainder when 195 is divided by 51.
42
Calculate the remainder when 393 is divided by 33.
30
Calculate the remainder when 111 is divided by 97.
14
What is the remainder when 290 is divided by 161?
129
Calculate the remainder when 202 is divided by 68.
66
What is the remainder when 22252 is divided by 187?
186
Calculate the remainder when 7357 is divided by 46.
43
Calculate the remainder when 238 is divided by 43.
23
Calculate the remainder when 188 is divided by 46.
4
Calculate the remainder when 222 is divided by 56.
54
What is the remainder when 105 is divided by 102?
3
What is the remainder when 1245 is divided by 52?
49
What is the remainder when 206 is divided by 9?
8
What is the remainder when 1594 is divided by 19?
17
What is the remainder when 206 is divided by 16?
14
What is the remainder when 67 is divided by 27?
13
What is the remainder when 51 is divided by 8?
3
Calculate the remainder when 2919 is divided by 57.
12
What is the remainder when 69 is divided by 29?
11
What is the remainder when 1134 is divided by 114?
108
What is the remainder when 2416 is divided by 62?
60
Calculate the remainder when 6420 is divided by 8.
4
Calculate the remainder when 68 is divided by 37.
31
Calculate the remainder when 2239 is divided by 38.
35
Calculate the remainder when 554 is divided by 174.
32
Calculate the remainder when 550 is divided by 4.
2
What is the remainder when 141 is divided by 37?
30
Calculate the remainder when 135 is divided by 29.
19
What is the remainder when 90 is divided by 33?
24
Calculate the remainder when 53 is divided by 37.
16
What is the remainder when 376 is divided by 9?
7
What is the remainder when 110 is divided by 26?
6
Calculate the remainder when 1358 is divided by 332.
30
What is the remainder when 525 is divided by 22?
19
What is the remainder when 53 is divided by 18?
17
Calculate the remainder when 190 is divided by 97.
93
What is the remainder when 15 is divided by 7?
1
Calculate the remainder when 124 is divided by 28.
12
Calculate the remainder when 1088 is divided by 156.
152
What is the remainder when 255 is divided by 50?
5
Calculate the remainder when 88 is divided by 87.
1
Calculate the remainder when 651 is divided by 45.
21
Calculate the remainder when 474 is divided by 40.
34
What is the remainder when 451 is divided by 120?
91
What is the remainder when 299 is divided by 4?
3
What is the remainder when 366 is divided by 309?
57
Calculate the remainder when 174 is divided by 57.
3
Calculate the remainder when 150 is divided by 38.
36
Calculate the remainder when 278 is divided by 37.
19
What is the remainder when 41 is divided by 15?
11
Calculate the remainder when 6318 is divided by 253.
246
What is the remainder when 462 is divided by 16?
14
What is the remainder when 364 is divided by 70?
14
Calculate the remainder when 254 is divided by 85.
84
Calculate the remainder when 86 is divided by 25.
11
What is the remainder when 4138 is divided by 143?
134
Calculate the remainder when 5277 is divided by 17.
7
What is the remainder when 439 is divided by 114?
97
What is the remainder when 1549 is divided by 220?
9
What is the remainder when 338 is divided by 114?
110
Calculate the remainder when 3798 is divided by 24.
6
Calculate the remainder when 12 is divided by 8.
4
What is the remainder when 238 is divided by 36?
22
Calculate the remainder when 15 is divided by 3.
0
Calculate the remainder when 12347 is divided by 10.
7
What is the remainder when 1035 is divided by 37?
36
What is the remainder when 105 is divided by 18?
15
What is the remainder when 129 is divided by 62?
5
What is the remainder when 2549 is divided by 48?
5
What is the remainder when 423 is divided by 19?
5
Calculate the remainder when 68 is divided by 8.
4
What is the remainder when 310 is divided by 70?
30
Calculate the remainder when 347 is divided by 113.
8
What is the remainder when 439 is divided by 44?
43
What is the remainder when 271 is divided by 29?
10
What is the remainder when 138 is divided by 24?
18
What is the remainder when 3778 is divided by 7?
5
Calculate the remainder when 467 is divided by 12.
11
What is the remainder when 7 is divided by 2?
1
What is the remainder when 3609 is divided by 23?
21
What is the remainder when 94 is divided by 27?
13
What is the remainder when 3193 is divided by 9?
7
What is the remainder when 65 is divided by 29?
7
Calculate the remainder when 143 is divided by 68.
7
What is the remainder when 259 is divided by 88?
83
Calcu